digit of 74094143?
1
What is the hundred thousands digit of 1067345?
0
What is the tens digit of 237931590?
9
What is the hundreds digit of 467264344?
3
What is the ten thousands digit of 36940010?
4
What is the tens digit of 491835422?
2
What is the units digit of 62749721?
1
What is the thousands digit of 15418572?
8
What is the millions digit of 1993096248?
3
What is the thousands digit of 17170328?
0
What is the millions digit of 169373167?
9
What is the millions digit of 328347117?
8
What is the millions digit of 73603327?
3
What is the millions digit of 119304945?
9
What is the millions digit of 83123208?
3
What is the units digit of 30694213?
3
What is the ten thousands digit of 1549017007?
1
What is the hundred thousands digit of 522083229?
0
What is the hundred thousands digit of 57164495?
1
What is the millions digit of 1695477100?
5
What is the ten millions digit of 21664415?
2
What is the ten thousands digit of 169084802?
8
What is the ten millions digit of 545366455?
4
What is the hundred millions digit of 2121085444?
1
What is the ten thousands digit of 3585691?
8
What is the ten millions digit of 6222271463?
2
What is the hundred millions digit of 242092105?
2
What is the millions digit of 249502308?
9
What is the millions digit of 2230992526?
0
What is the ten millions digit of 398892403?
9
What is the millions digit of 394117927?
4
What is the tens digit of 62018730?
3
What is the millions digit of 2353837752?
3
What is the units digit of 36330050?
0
What is the hundred thousands digit of 49821743?
8
What is the hundred thousands digit of 3161345023?
3
What is the hundred thousands digit of 48504665?
5
What is the ten thousands digit of 177337923?
3
What is the units digit of 41209861?
1
What is the hundred thousands digit of 4225471117?
4
What is the units digit of 198452684?
4
What is the ten thousands digit of 131694158?
9
What is the thousands digit of 3442890?
2
What is the hundred millions digit of 1826412741?
8
What is the hundred thousands digit of 453492280?
4
What is the hundred millions digit of 2552208378?
5
What is the thousands digit of 74698527?
8
What is the tens digit of 1240895559?
5
What is the ten millions digit of 107226325?
0
What is the millions digit of 508077556?
8
What is the hundred thousands digit of 76195223?
1
What is the units digit of 6073154537?
7
What is the tens digit of 3112219597?
9
What is the thousands digit of 151793598?
3
What is the ten millions digit of 1150077635?
5
What is the thousands digit of 194340428?
0
What is the hundred millions digit of 2046627172?
0
What is the tens digit of 15634816?
1
What is the tens digit of 239452983?
8
What is the tens digit of 21636409?
0
What is the hundred thousands digit of 51255542?
2
What is the units digit of 1208145510?
0
What is the tens digit of 16183246?
4
What is the thousands digit of 65442433?
2
What is the ten millions digit of 1329018559?
2
What is the hundreds digit of 22368243?
2
What is the ten thousands digit of 83424271?
2
What is the millions digit of 21798859?
1
What is the hundreds digit of 1147548966?
9
What is the hundred thousands digit of 44802976?
8
What is the billions digit of 1779544843?
1
What is the hundred thousands digit of 5884054363?
0
What is the hundreds digit of 1442105166?
1
What is the ten thousands digit of 194274050?
7
What is the millions digit of 503824815?
3
What is the hundreds digit of 85183511?
5
What is the tens digit of 639264575?
7
What is the thousands digit of 890460246?
0
What is the ten thousands digit of 57793580?
9
What is the hundred thousands digit of 541187565?
1
What is the hundred thousands digit of 327524209?
5
What is the units digit of 8633440?
0
What is the thousands digit of 91758229?
8
What is the thousands digit of 361728293?
8
What is the hundreds digit of 1591995004?
0
What is the thousands digit of 49212030?
2
What is the millions digit of 81124799?
1
What is the units digit of 556071911?
1
What is the units digit of 423744039?
9
What is the thousands digit of 283064540?
4
What is the hundred millions digit of 130294767?
1
What is the ten thousands digit of 160885536?
8
What is the tens digit of 19443786?
8
What is the hundred millions digit of 286986537?
2
What is the hundred thousands digit of 1384150?
3
What is the hundred thousands digit of 39540198?
5
What is the units digit of 2461238729?
9
What is the hundred millions digit of 809665728?
8
What is the units digit of 133183331?
1
What is the ten millions digit of 49360880?
4
What is the hundred thousands digit of 3246847001?
8
What is the tens digit of 134765497?
9
What is the hundred thousands digit of 94881640?
8
What is the tens digit of 50410024?
2
What is the ten thousands digit of 1611357326?
5
What is the units digit of 173692060?
0
What is the tens digit of 43121317?
1
What is the hundred thousands digit of 1506266789?
2
What is the hundreds digit of 153403496?
4
What is the thousands digit of 32941211?
1
What is the ten thousands digit of 5087315300?
1
What is the hundred thousands digit of 24312165?
3
What is the thousands digit of 537139438?
9
What is the hundred thousands digit of 162023638?
0
What is the hundreds digit of 22858412?
4
What is the hundreds digit of 435669732?
7
What is the ten millions digit of 5832222921?
3
What is the millions digit of 61222674?
1
What is the ten thousands digit of 1124876298?
7
What is the units digit of 334962080?
0
What is the hundreds digit of 5328179644?
6
What is the units digit of 47424783?
3
What is the units digit of 53139467?
7
What is the tens digit of 26814720?
2
What is the units digit of 62965466?
6
What is the thousands digit of 2643213641?
3
What is the millions digit of 132691689?
2
What is the tens digit of 131654087?
8
What is the thousands digit of 48479564?
9
What is the hundred thousands digit of 20360249?
3
What is the units digit of 40388557?
7
What is the thousands digit of 1221268558?
8
What is the millions digit of 873094945?
3
What is the ten thousands digit of 24636008?
3
What is the ten thousands digit of 131757572?
5
What is the tens digit of 54852024?
2
What is the ten millions digit of 19271520?
1
What is the hundred thousands digit of 2098656412?
6
What is the tens digit of 156404104?
0
What is the thousands digit of 108250126?
0
What is the millions digit of 12604249?
2
What is the hundred thousands digit of 3907330100?
3
What is the ten millions digit of 28367022?
2
What is the tens digit of 412462194?
9
What is the hundred thousands digit of 59794522?
7
What is the millions digit of 3605978594?
5
What is the ten millions digit of 117702396?
1
What is the tens digit of 25223671?
7
What is the units digit of 279289747?
7
What is the thousands digit of 2114133858?
3
What is the millions digit of 64247777?
4
What is the hundred thousands digit of 3419568622?
5
What is the tens digit of 338834383?
8
What is the millions digit of 1377066319?
7
What is the millions digit of 2958630595?
8
What is the thousands digit of 552764125?
4
What is the hundred millions digit of 613764547?
6
What is the tens digit of 372776785?
8
What is the ten millions digit of 50041034?
5
What is the tens digit of 31755566?
6
What is the units digit of 783361759?
9
What is the millions digit of 54865308?
4
What is the hundred thousands digit of 1809526458?
5
What is the hundred millions digit of 537664445?
5
What is the units digit of 1252537399?
9
What is the thousands digit of 29671809?
1
What is the hundred thousands digit of 56618975?
6
What is the hundred thousands digit of 553204341?
2
What is the millions digit of 1347395322?
7
What is the hundred thousands digit of 1922343281?
3
What is the hundred millions digit of 1378132494?
3
What is the hundred millions digit of 158728930?
1
What is the tens digit of 28205093?
9
What is the hundreds digit of 473761235?
2
What is the ten thousands digit of 216726420?
2
What is the ten millions digit of 211319927?
1
What is the thousands digit of 4228193225?
3
What is the hundred millions digit of 918020600?
9
What is the hundreds digit of 96533916?
9
What is the ten millions digit of 799769193?
9
What is the millions digit of 87682203?
7
What is the millions digit of 121295219?
1
What is the thousands digit of 10278870?